{"id":1486,"date":"2025-06-12T09:53:30","date_gmt":"2025-06-12T08:53:30","guid":{"rendered":"https:\/\/eventos.ori-estarreja.pt\/aveirocityrace2025\/?page_id=1486"},"modified":"2025-06-18T18:08:24","modified_gmt":"2025-06-18T17:08:24","slug":"informacao-tecnica-mapa-2025","status":"publish","type":"page","link":"https:\/\/eventos.ori-estarreja.pt\/aveirocityrace2025\/informacao-tecnica-mapa-2025\/","title":{"rendered":"Informa\u00e7\u00e3o T\u00e9cnica Mapa 2025"},"content":{"rendered":"\n<div style=\"height:24px\" aria-hidden=\"true\" class=\"wp-block-spacer\"><\/div>\n\n\n\n<p>Mapa Urbano da Cidade de Aveiro, inicialmente cartografado em Setembro de 2016, tendo sido ampliado e actualizado ao longo dos anos. Este mapa utiliza a simbologia ISSprOM 2019-2 da <em>International Orienteering Federation<\/em>.<\/p>\n\n\n\n<p>J\u00e1 existe um mapa das \u00e1reas de competi\u00e7\u00e3o das tr\u00eas etapas \u2013 ver imagem abaixo.<\/p>\n\n\n\n<p>No <a href=\"https:\/\/eventos.ori-estarreja.pt\/aveirocityrace2025\/mapa-de-localizacoes-2025\/\" data-type=\"page\" data-id=\"1480\" target=\"_blank\" rel=\"noreferrer noopener\">Mapa de Localiza\u00e7\u00f5es<\/a>  (mapa interativo)  pode verificar as \u00e1reas que ser\u00e3o utilizadas em cada uma das provas.<\/p>\n\n\n\n<p><strong>O tr\u00e2nsito n\u00e3o estar\u00e1 cortado durante as provas. Os participantes devem zelar pela sua seguran\u00e7a e de todos os utilizadores da via p\u00fablica.<\/strong><\/p>\n\n\n\n<div style=\"height:30px\" aria-hidden=\"true\" class=\"wp-block-spacer\"><\/div>\n\n\n<div class=\"wp-block-image\">\n<figure class=\"aligncenter\"><a href=\"https:\/\/eventos.ori-estarreja.pt\/aveirocityrace2025\/wp-content\/uploads\/sites\/6\/2025\/06\/Aveiro-Urbano-2023_12_30_RM_final_site.png\" target=\"_blank\" rel=\" noreferrer noopener\"><img loading=\"lazy\" decoding=\"async\" width=\"2095\" height=\"2400\" src=\"https:\/\/eventos.ori-estarreja.pt\/aveirocityrace2025\/wp-content\/uploads\/sites\/6\/2025\/06\/Aveiro-Urbano-2023_12_30_RM_final_site.png\" alt=\"\" class=\"wp-image-1487\" srcset=\"https:\/\/eventos.ori-estarreja.pt\/aveirocityrace2025\/wp-content\/uploads\/sites\/6\/2025\/06\/Aveiro-Urbano-2023_12_30_RM_final_site.png 2095w, https:\/\/eventos.ori-estarreja.pt\/aveirocityrace2025\/wp-content\/uploads\/sites\/6\/2025\/06\/Aveiro-Urbano-2023_12_30_RM_final_site-262x300.png 262w, https:\/\/eventos.ori-estarreja.pt\/aveirocityrace2025\/wp-content\/uploads\/sites\/6\/2025\/06\/Aveiro-Urbano-2023_12_30_RM_final_site-894x1024.png 894w, https:\/\/eventos.ori-estarreja.pt\/aveirocityrace2025\/wp-content\/uploads\/sites\/6\/2025\/06\/Aveiro-Urbano-2023_12_30_RM_final_site-768x880.png 768w, https:\/\/eventos.ori-estarreja.pt\/aveirocityrace2025\/wp-content\/uploads\/sites\/6\/2025\/06\/Aveiro-Urbano-2023_12_30_RM_final_site-1341x1536.png 1341w, https:\/\/eventos.ori-estarreja.pt\/aveirocityrace2025\/wp-content\/uploads\/sites\/6\/2025\/06\/Aveiro-Urbano-2023_12_30_RM_final_site-1788x2048.png 1788w\" sizes=\"auto, (max-width: 2095px) 100vw, 2095px\" \/><\/a><\/figure><\/div>\n\n\n<p><strong>Nota:<\/strong> <em>O mapa acima \u00e9 o final antes da realiza\u00e7\u00e3o do Aveiro City Race 2023, tendo algumas \u00e1reas em obra \u00e0 altura.<\/em><\/p>\n\n\n\n<div style=\"height:30px\" aria-hidden=\"true\" class=\"wp-block-spacer\"><\/div>\n\n\n<h3 class=\"fonts-plugin-block \">Cart\u00f3grafo:<\/h3>\n\n\n<ul class=\"wp-block-list\">\n<li>Mapa inicial\n<ul class=\"wp-block-list\">\n<li>Rafael Miguel (2016 a 2023)<\/li>\n<\/ul>\n<\/li>\n\n\n\n<li>\u00daltima Atualiza\u00e7\u00e3o\n<ul class=\"wp-block-list\">\n<li>Junho de 2025<\/li>\n<\/ul>\n<\/li>\n<\/ul>\n\n\n<h3 class=\"fonts-plugin-block \">Escala<\/h3>\n\n\n<ul class=\"wp-block-list\">\n<li>1:4000<\/li>\n<\/ul>\n\n\n<h3 class=\"fonts-plugin-block \">Equidist\u00e2ncia<\/h3>\n\n\n<ul class=\"wp-block-list\">\n<li>2,5m<\/li>\n<\/ul>\n\n\n\n<div style=\"height:30px\" aria-hidden=\"true\" class=\"wp-block-spacer\"><\/div>\n\n\n<h2 class=\"fonts-plugin-block \">Notas gerais sobre a cartografia<\/h2>\n\n\n<p>No Parque Infante Dom Pedro, h\u00e1 varias zonas assinaladas como \u00e1reas privadas (s\u00edmbolo <em>520 &#8211; Area that shall not be entered <\/em>(vulgo \u201cverde azeitona\u201d). Isto acontece devido ao tipo de vegeta\u00e7\u00e3o existente, que n\u00e3o deve ser danificado.<\/p>\n\n\n\n<p>Pedimos aos atletas aten\u00e7\u00e3o m\u00e1xima para que respeitem escrupulosamente estas \u00e1reas. \u00c9 proibido o atravessamento destas \u00e1reas. Em seguida seguem dois exemplos das \u00e1reas em quest\u00e3o:<\/p>\n\n\n\n<div class=\"wp-block-columns is-layout-flex wp-container-core-columns-is-layout-9d6595d7 wp-block-columns-is-layout-flex\">\n<div class=\"wp-block-column is-layout-flow wp-block-column-is-layout-flow\">\n<figure class=\"wp-block-image size-large\"><img loading=\"lazy\" decoding=\"async\" width=\"1024\" height=\"768\" src=\"https:\/\/eventos.ori-estarreja.pt\/aveirocityrace2025\/wp-content\/uploads\/sites\/6\/2025\/06\/Zonas-privadas-PArque-Macaca_1-1024x768.jpg\" alt=\"\" class=\"wp-image-1505\" srcset=\"https:\/\/eventos.ori-estarreja.pt\/aveirocityrace2025\/wp-content\/uploads\/sites\/6\/2025\/06\/Zonas-privadas-PArque-Macaca_1-1024x768.jpg 1024w, https:\/\/eventos.ori-estarreja.pt\/aveirocityrace2025\/wp-content\/uploads\/sites\/6\/2025\/06\/Zonas-privadas-PArque-Macaca_1-300x225.jpg 300w, https:\/\/eventos.ori-estarreja.pt\/aveirocityrace2025\/wp-content\/uploads\/sites\/6\/2025\/06\/Zonas-privadas-PArque-Macaca_1-768x576.jpg 768w, https:\/\/eventos.ori-estarreja.pt\/aveirocityrace2025\/wp-content\/uploads\/sites\/6\/2025\/06\/Zonas-privadas-PArque-Macaca_1-1536x1152.jpg 1536w, https:\/\/eventos.ori-estarreja.pt\/aveirocityrace2025\/wp-content\/uploads\/sites\/6\/2025\/06\/Zonas-privadas-PArque-Macaca_1-2048x1536.jpg 2048w, https:\/\/eventos.ori-estarreja.pt\/aveirocityrace2025\/wp-content\/uploads\/sites\/6\/2025\/06\/Zonas-privadas-PArque-Macaca_1-120x90.jpg 120w\" sizes=\"auto, (max-width: 1024px) 100vw, 1024px\" \/><\/figure>\n<\/div>\n\n\n\n<div class=\"wp-block-column is-layout-flow wp-block-column-is-layout-flow\">\n<figure class=\"wp-block-image size-full is-resized\"><img loading=\"lazy\" decoding=\"async\" width=\"413\" height=\"326\" src=\"https:\/\/eventos.ori-estarreja.pt\/aveirocityrace2025\/wp-content\/uploads\/sites\/6\/2025\/06\/Zonas-privadas-PArque-Macaca_1_MAPA.jpg.png\" alt=\"\" class=\"wp-image-1506\" style=\"width:383px;height:auto\" srcset=\"https:\/\/eventos.ori-estarreja.pt\/aveirocityrace2025\/wp-content\/uploads\/sites\/6\/2025\/06\/Zonas-privadas-PArque-Macaca_1_MAPA.jpg.png 413w, https:\/\/eventos.ori-estarreja.pt\/aveirocityrace2025\/wp-content\/uploads\/sites\/6\/2025\/06\/Zonas-privadas-PArque-Macaca_1_MAPA.jpg-300x237.png 300w\" sizes=\"auto, (max-width: 413px) 100vw, 413px\" \/><\/figure>\n<\/div>\n<\/div>\n\n\n\n<div class=\"wp-block-columns is-layout-flex wp-container-core-columns-is-layout-9d6595d7 wp-block-columns-is-layout-flex\">\n<div class=\"wp-block-column is-layout-flow wp-block-column-is-layout-flow\">\n<figure class=\"wp-block-image size-large\"><img loading=\"lazy\" decoding=\"async\" width=\"1024\" height=\"768\" src=\"https:\/\/eventos.ori-estarreja.pt\/aveirocityrace2025\/wp-content\/uploads\/sites\/6\/2025\/06\/Zonas-privadas-PArque-Macaca_2-1024x768.jpg\" alt=\"\" class=\"wp-image-1507\" srcset=\"https:\/\/eventos.ori-estarreja.pt\/aveirocityrace2025\/wp-content\/uploads\/sites\/6\/2025\/06\/Zonas-privadas-PArque-Macaca_2-1024x768.jpg 1024w, https:\/\/eventos.ori-estarreja.pt\/aveirocityrace2025\/wp-content\/uploads\/sites\/6\/2025\/06\/Zonas-privadas-PArque-Macaca_2-300x225.jpg 300w, https:\/\/eventos.ori-estarreja.pt\/aveirocityrace2025\/wp-content\/uploads\/sites\/6\/2025\/06\/Zonas-privadas-PArque-Macaca_2-768x576.jpg 768w, https:\/\/eventos.ori-estarreja.pt\/aveirocityrace2025\/wp-content\/uploads\/sites\/6\/2025\/06\/Zonas-privadas-PArque-Macaca_2-1536x1152.jpg 1536w, https:\/\/eventos.ori-estarreja.pt\/aveirocityrace2025\/wp-content\/uploads\/sites\/6\/2025\/06\/Zonas-privadas-PArque-Macaca_2-2048x1536.jpg 2048w, https:\/\/eventos.ori-estarreja.pt\/aveirocityrace2025\/wp-content\/uploads\/sites\/6\/2025\/06\/Zonas-privadas-PArque-Macaca_2-120x90.jpg 120w\" sizes=\"auto, (max-width: 1024px) 100vw, 1024px\" \/><\/figure>\n<\/div>\n\n\n\n<div class=\"wp-block-column is-layout-flow wp-block-column-is-layout-flow\">\n<figure class=\"wp-block-image size-full is-resized\"><img loading=\"lazy\" decoding=\"async\" width=\"413\" height=\"326\" src=\"https:\/\/eventos.ori-estarreja.pt\/aveirocityrace2025\/wp-content\/uploads\/sites\/6\/2025\/06\/Zonas-privadas-PArque-Macaca_2_MAPA.jpg.png\" alt=\"\" class=\"wp-image-1508\" style=\"width:383px;height:auto\" srcset=\"https:\/\/eventos.ori-estarreja.pt\/aveirocityrace2025\/wp-content\/uploads\/sites\/6\/2025\/06\/Zonas-privadas-PArque-Macaca_2_MAPA.jpg.png 413w, https:\/\/eventos.ori-estarreja.pt\/aveirocityrace2025\/wp-content\/uploads\/sites\/6\/2025\/06\/Zonas-privadas-PArque-Macaca_2_MAPA.jpg-300x237.png 300w\" sizes=\"auto, (max-width: 413px) 100vw, 413px\" \/><\/figure>\n<\/div>\n<\/div>\n\n\n\n<p>Conforme o ISSprOM 2019-2, as <strong>vias mais movimentadas<\/strong> foram desenhadas com o s\u00edmbolo \u201c<em>501 &#8211; Paved area (heavy traffic)<\/em>\u201d (s\u00edmbolo de pavimento mais escuro). Nessas vias as passadeiras est\u00e3o assinaladas com o s\u00edmbolo de pavimento mais claro, conforme imagem seguinte, de forma a auxiliar os atletas a perceberem onde ser\u00e1 mais f\u00e1cil realizar o atravessamento.<\/p>\n\n\n<div class=\"wp-block-image\">\n<figure class=\"aligncenter size-large is-resized\"><img loading=\"lazy\" decoding=\"async\" width=\"1024\" height=\"918\" src=\"https:\/\/eventos.ori-estarreja.pt\/aveirocityrace2025\/wp-content\/uploads\/sites\/6\/2025\/06\/Notas-gerais-cartografia_passadeiras_ACR-2023-1024x918.png\" alt=\"\" class=\"wp-image-1495\" style=\"aspect-ratio:1.1154684095860568;width:370px;height:auto\" srcset=\"https:\/\/eventos.ori-estarreja.pt\/aveirocityrace2025\/wp-content\/uploads\/sites\/6\/2025\/06\/Notas-gerais-cartografia_passadeiras_ACR-2023-1024x918.png 1024w, https:\/\/eventos.ori-estarreja.pt\/aveirocityrace2025\/wp-content\/uploads\/sites\/6\/2025\/06\/Notas-gerais-cartografia_passadeiras_ACR-2023-300x269.png 300w, https:\/\/eventos.ori-estarreja.pt\/aveirocityrace2025\/wp-content\/uploads\/sites\/6\/2025\/06\/Notas-gerais-cartografia_passadeiras_ACR-2023-768x688.png 768w, https:\/\/eventos.ori-estarreja.pt\/aveirocityrace2025\/wp-content\/uploads\/sites\/6\/2025\/06\/Notas-gerais-cartografia_passadeiras_ACR-2023-1536x1376.png 1536w, https:\/\/eventos.ori-estarreja.pt\/aveirocityrace2025\/wp-content\/uploads\/sites\/6\/2025\/06\/Notas-gerais-cartografia_passadeiras_ACR-2023.png 1569w\" sizes=\"auto, (max-width: 1024px) 100vw, 1024px\" \/><\/figure><\/div>\n\n\n<div style=\"height:30px\" aria-hidden=\"true\" class=\"wp-block-spacer\"><\/div>\n\n\n\n<p><strong>Zonas de esplanadas e obras<\/strong> v\u00e3o estar marcadas com o s\u00edmbolo \u201c<em>714 &#8211; Temporary construction or closed area (area &amp; boundary)<\/em>\u201d conforme o exemplo abaixo:<\/p>\n\n\n<div class=\"wp-block-image\">\n<figure class=\"aligncenter size-full is-resized\"><img loading=\"lazy\" decoding=\"async\" width=\"770\" height=\"593\" src=\"https:\/\/eventos.ori-estarreja.pt\/aveirocityrace2025\/wp-content\/uploads\/sites\/6\/2025\/06\/Notas-gerais-cartografia_obras-e-esplanadas_ACR-2023.png\" alt=\"\" class=\"wp-image-1494\" style=\"aspect-ratio:1.2984822934232716;width:280px;height:auto\" srcset=\"https:\/\/eventos.ori-estarreja.pt\/aveirocityrace2025\/wp-content\/uploads\/sites\/6\/2025\/06\/Notas-gerais-cartografia_obras-e-esplanadas_ACR-2023.png 770w, https:\/\/eventos.ori-estarreja.pt\/aveirocityrace2025\/wp-content\/uploads\/sites\/6\/2025\/06\/Notas-gerais-cartografia_obras-e-esplanadas_ACR-2023-300x231.png 300w, https:\/\/eventos.ori-estarreja.pt\/aveirocityrace2025\/wp-content\/uploads\/sites\/6\/2025\/06\/Notas-gerais-cartografia_obras-e-esplanadas_ACR-2023-768x591.png 768w\" sizes=\"auto, (max-width: 770px) 100vw, 770px\" \/><\/figure><\/div>\n\n\n<div style=\"height:30px\" aria-hidden=\"true\" class=\"wp-block-spacer\"><\/div>\n\n\n\n<p>Se existirem, as \u201c<strong>barreiras artificiais<\/strong>\u201d estar\u00e3o assinaladas com uma linha magenta (s\u00edmbolo \u201c<em>708 &#8211; Out-of-bounds boundary<\/em>\u201d (ver imagem).<\/p>\n\n\n\n<p>No terreno, estes locais ser\u00e3o assinalados com fita balizadora vermelha e branca e v\u00e3o estar elementos da organiza\u00e7\u00e3o a desqualificar os atletas que n\u00e3o respeitarem as barreiras.<\/p>\n\n\n<div class=\"wp-block-image\">\n<figure class=\"aligncenter size-full is-resized\"><img loading=\"lazy\" decoding=\"async\" width=\"338\" height=\"317\" src=\"https:\/\/eventos.ori-estarreja.pt\/aveirocityrace2025\/wp-content\/uploads\/sites\/6\/2025\/06\/Barreiras_Artificiais_ACR2025.png\" alt=\"\" class=\"wp-image-1496\" style=\"aspect-ratio:1.2984822934232716;width:280px;height:auto\" srcset=\"https:\/\/eventos.ori-estarreja.pt\/aveirocityrace2025\/wp-content\/uploads\/sites\/6\/2025\/06\/Barreiras_Artificiais_ACR2025.png 338w, https:\/\/eventos.ori-estarreja.pt\/aveirocityrace2025\/wp-content\/uploads\/sites\/6\/2025\/06\/Barreiras_Artificiais_ACR2025-300x281.png 300w\" sizes=\"auto, (max-width: 338px) 100vw, 338px\" \/><\/figure><\/div>\n\n\n<div style=\"height:30px\" aria-hidden=\"true\" class=\"wp-block-spacer\"><\/div>\n\n\n\n<p><\/p>\n\n\n\n<p>Entre os parques de Santo Ant\u00f3nio e Infante D. Pedro existe uma <strong>ponte met\u00e1lica<\/strong> dedicada \u00e0 passagem de pe\u00f5es. Esta ponte tem duas zonas com 3 n\u00edveis de circula\u00e7\u00e3o e, por isso, \u00e9 imposs\u00edvel desenh\u00e1-la segundo as normas ISSprOM 2019-2.<\/p>\n\n\n\n<p>Nas etapas do Aveiro City Race 2025 opt\u00e1mos por interditar a passagem sobre a ponte, representando-a com o s\u00edmbolo 522 (c<em>anopy<\/em>\/coberto). Sob a ponte existem diversas passagens para pe\u00f5es, tornando seguro o atravessamento da via.<\/p>\n\n\n\n<p>Abaixo pode consultar um excerto onde \u00e9 poss\u00edvel observar como estar\u00e1 a ponte desenhada no mapa de competi\u00e7\u00e3o e uma fotografia do local em quest\u00e3o.<\/p>\n\n\n<div class=\"wp-block-image\">\n<figure class=\"aligncenter size-large is-resized\"><img loading=\"lazy\" decoding=\"async\" width=\"649\" height=\"1024\" src=\"https:\/\/eventos.ori-estarreja.pt\/aveirocityrace2025\/wp-content\/uploads\/sites\/6\/2025\/06\/ACR2021_ponte-entre-parque-Santo-Antonio-e-Infante-D.-Pedro-649x1024.png\" alt=\"\" class=\"wp-image-1492\" style=\"aspect-ratio:0.6337890625;width:225px;height:auto\" srcset=\"https:\/\/eventos.ori-estarreja.pt\/aveirocityrace2025\/wp-content\/uploads\/sites\/6\/2025\/06\/ACR2021_ponte-entre-parque-Santo-Antonio-e-Infante-D.-Pedro-649x1024.png 649w, https:\/\/eventos.ori-estarreja.pt\/aveirocityrace2025\/wp-content\/uploads\/sites\/6\/2025\/06\/ACR2021_ponte-entre-parque-Santo-Antonio-e-Infante-D.-Pedro-190x300.png 190w, https:\/\/eventos.ori-estarreja.pt\/aveirocityrace2025\/wp-content\/uploads\/sites\/6\/2025\/06\/ACR2021_ponte-entre-parque-Santo-Antonio-e-Infante-D.-Pedro.png 726w\" sizes=\"auto, (max-width: 649px) 100vw, 649px\" \/><\/figure><\/div>\n\n\n<div style=\"height:30px\" aria-hidden=\"true\" class=\"wp-block-spacer\"><\/div>\n\n\n\n<figure class=\"wp-block-image size-large\"><img loading=\"lazy\" decoding=\"async\" width=\"1024\" height=\"429\" src=\"https:\/\/eventos.ori-estarreja.pt\/aveirocityrace2025\/wp-content\/uploads\/sites\/6\/2025\/06\/ACR2021_ponte-entre-parque-Santo-Antonio-e-Infante-D.-Pedro_fotografia-1024x429.png\" alt=\"\" class=\"wp-image-1493\" srcset=\"https:\/\/eventos.ori-estarreja.pt\/aveirocityrace2025\/wp-content\/uploads\/sites\/6\/2025\/06\/ACR2021_ponte-entre-parque-Santo-Antonio-e-Infante-D.-Pedro_fotografia-1024x429.png 1024w, https:\/\/eventos.ori-estarreja.pt\/aveirocityrace2025\/wp-content\/uploads\/sites\/6\/2025\/06\/ACR2021_ponte-entre-parque-Santo-Antonio-e-Infante-D.-Pedro_fotografia-300x126.png 300w, https:\/\/eventos.ori-estarreja.pt\/aveirocityrace2025\/wp-content\/uploads\/sites\/6\/2025\/06\/ACR2021_ponte-entre-parque-Santo-Antonio-e-Infante-D.-Pedro_fotografia-768x322.png 768w, https:\/\/eventos.ori-estarreja.pt\/aveirocityrace2025\/wp-content\/uploads\/sites\/6\/2025\/06\/ACR2021_ponte-entre-parque-Santo-Antonio-e-Infante-D.-Pedro_fotografia-1536x644.png 1536w, https:\/\/eventos.ori-estarreja.pt\/aveirocityrace2025\/wp-content\/uploads\/sites\/6\/2025\/06\/ACR2021_ponte-entre-parque-Santo-Antonio-e-Infante-D.-Pedro_fotografia-2048x859.png 2048w\" sizes=\"auto, (max-width: 1024px) 100vw, 1024px\" \/><\/figure>\n\n\n\n<p><\/p>\n","protected":false},"excerpt":{"rendered":"<p>Mapa Urbano da Cidade de Aveiro, inicialmente cartografado em Setembro de 2016, tendo sido ampliado e actualizado ao longo dos anos. Este mapa utiliza a simbologia ISSprOM 2019-2 da International Orienteering Federation. J\u00e1 existe um mapa das \u00e1reas de competi\u00e7\u00e3o das tr\u00eas etapas \u2013 ver imagem abaixo. No Mapa de Localiza\u00e7\u00f5es (mapa interativo) pode verificar&hellip;<\/p>\n","protected":false},"author":1,"featured_media":1399,"parent":0,"menu_order":0,"comment_status":"closed","ping_status":"closed","template":"","meta":{"footnotes":""},"class_list":["post-1486","page","type-page","status-publish","has-post-thumbnail","hentry"],"_links":{"self":[{"href":"https:\/\/eventos.ori-estarreja.pt\/aveirocityrace2025\/wp-json\/wp\/v2\/pages\/1486","targetHints":{"allow":["GET"]}}],"collection":[{"href":"https:\/\/eventos.ori-estarreja.pt\/aveirocityrace2025\/wp-json\/wp\/v2\/pages"}],"about":[{"href":"https:\/\/eventos.ori-estarreja.pt\/aveirocityrace2025\/wp-json\/wp\/v2\/types\/page"}],"author":[{"embeddable":true,"href":"https:\/\/eventos.ori-estarreja.pt\/aveirocityrace2025\/wp-json\/wp\/v2\/users\/1"}],"replies":[{"embeddable":true,"href":"https:\/\/eventos.ori-estarreja.pt\/aveirocityrace2025\/wp-json\/wp\/v2\/comments?post=1486"}],"version-history":[{"count":11,"href":"https:\/\/eventos.ori-estarreja.pt\/aveirocityrace2025\/wp-json\/wp\/v2\/pages\/1486\/revisions"}],"predecessor-version":[{"id":1510,"href":"https:\/\/eventos.ori-estarreja.pt\/aveirocityrace2025\/wp-json\/wp\/v2\/pages\/1486\/revisions\/1510"}],"wp:featuredmedia":[{"embeddable":true,"href":"https:\/\/eventos.ori-estarreja.pt\/aveirocityrace2025\/wp-json\/wp\/v2\/media\/1399"}],"wp:attachment":[{"href":"https:\/\/eventos.ori-estarreja.pt\/aveirocityrace2025\/wp-json\/wp\/v2\/media?parent=1486"}],"curies":[{"name":"wp","href":"https:\/\/api.w.org\/{rel}","templated":true}]}}