{"id":472,"date":"2026-08-19T10:11:43","date_gmt":"2026-08-19T10:11:43","guid":{"rendered":"https:\/\/eventos.ori-estarreja.pt\/abom2027\/?page_id=472"},"modified":"2026-08-19T10:11:55","modified_gmt":"2026-08-19T10:11:55","slug":"apresentacao","status":"publish","type":"page","link":"https:\/\/eventos.ori-estarreja.pt\/abom2027\/apresentacao\/","title":{"rendered":"Apresenta\u00e7\u00e3o"},"content":{"rendered":"<div id=\"pl-gb472-6a97834711db1\"  class=\"panel-layout\" ><div id=\"pg-gb472-6a97834711db1-0\"  class=\"panel-grid panel-has-style\" ><div class=\"panel-row-style panel-row-style-for-gb472-6a97834711db1-0\" ><div id=\"pgc-gb472-6a97834711db1-0-0\"  class=\"panel-grid-cell\" ><div id=\"panel-gb472-6a97834711db1-0-0-0\" class=\"so-panel widget widget_sow-editor panel-first-child panel-last-child\" data-index=\"0\" ><div class=\"panel-widget-style panel-widget-style-for-gb472-6a97834711db1-0-0-0\" ><div\n\t\t\t\n\t\t\tclass=\"so-widget-sow-editor so-widget-sow-editor-base\"\n\t\t\t\n\t\t>\n<div class=\"siteorigin-widget-tinymce textwidget\">\n\t<p><span class=\"so-premium-web-font\" style=\"font-family: Poppins;\" data-web-font-module=\"google\" data-font-info=\"{&quot;font&quot;:&quot;Poppins&quot;,&quot;webfont&quot;:true,&quot;variant&quot;:&quot;regular&quot;,&quot;module&quot;:&quot;google&quot;}\">Bem-vindos a Aguiar da Beira \u2013 Portugal. Bem-vindos \u00e0 quinta edi\u00e7\u00e3o do Aguiar da Beira \u2018O\u2019 Meeting!<\/span><\/p>\n<p><span class=\"so-premium-web-font\" style=\"font-family: Poppins;\" data-web-font-module=\"google\" data-font-info=\"{&quot;font&quot;:&quot;Poppins&quot;,&quot;webfont&quot;:true,&quot;variant&quot;:&quot;regular&quot;,&quot;module&quot;:&quot;google&quot;}\">Nesta edi\u00e7\u00e3o do ABOM, iremos manter o formato\u00a0 do programa da edi\u00e7\u00e3o de 2025, contando com quatro provas, incluindo duas etapas a contar para o Ranking Mundial Pedestre (WRE) e uma competi\u00e7\u00e3o de TrailO (PreO Sprint).<\/span><\/p>\n<p><span class=\"so-premium-web-font\" style=\"font-family: Poppins;\" data-web-font-module=\"google\" data-font-info=\"{&quot;font&quot;:&quot;Poppins&quot;,&quot;webfont&quot;:true,&quot;variant&quot;:&quot;regular&quot;,&quot;module&quot;:&quot;google&quot;}\">Al\u00e9m disso, o ABOM 2027 faz parte do calend\u00e1rio portugu\u00eas do Ranking da Ta\u00e7a de Portugal de Floresta Pedestre e do Ranking de Orienta\u00e7\u00e3o de Precis\u00e3o.<\/span><\/p>\n<p>&nbsp;<\/p>\n<\/div>\n<\/div><\/div><\/div><\/div><\/div><\/div><div id=\"pg-gb472-6a97834711db1-1\"  class=\"panel-grid panel-has-style\" ><div class=\"panel-row-style panel-row-style-for-gb472-6a97834711db1-1\" ><div id=\"pgc-gb472-6a97834711db1-1-0\"  class=\"panel-grid-cell panel-grid-cell-empty\" ><\/div><div id=\"pgc-gb472-6a97834711db1-1-1\"  class=\"panel-grid-cell panel-grid-cell-mobile-last\" ><div id=\"panel-gb472-6a97834711db1-1-1-0\" class=\"so-panel widget widget_sow-image panel-first-child panel-last-child\" data-index=\"1\" ><div\n\t\t\t\n\t\t\tclass=\"so-widget-sow-image so-widget-sow-image-default-a258e6bfa2d8-472\"\n\t\t\t\n\t\t>\n<div class=\"sow-image-container\">\n\t\t<img \n\tsrc=\"https:\/\/eventos.ori-estarreja.pt\/abom2027\/wp-content\/uploads\/sites\/7\/2026\/08\/ABOM2027_Logo_comdata_crop.png\" width=\"1755\" height=\"501\" srcset=\"https:\/\/eventos.ori-estarreja.pt\/abom2027\/wp-content\/uploads\/sites\/7\/2026\/08\/ABOM2027_Logo_comdata_crop.png 1755w, https:\/\/eventos.ori-estarreja.pt\/abom2027\/wp-content\/uploads\/sites\/7\/2026\/08\/ABOM2027_Logo_comdata_crop-300x86.png 300w, https:\/\/eventos.ori-estarreja.pt\/abom2027\/wp-content\/uploads\/sites\/7\/2026\/08\/ABOM2027_Logo_comdata_crop-1024x292.png 1024w, https:\/\/eventos.ori-estarreja.pt\/abom2027\/wp-content\/uploads\/sites\/7\/2026\/08\/ABOM2027_Logo_comdata_crop-768x219.png 768w, https:\/\/eventos.ori-estarreja.pt\/abom2027\/wp-content\/uploads\/sites\/7\/2026\/08\/ABOM2027_Logo_comdata_crop-1536x438.png 1536w\" sizes=\"(max-width: 1755px) 100vw, 1755px\" alt=\"\" \t\tclass=\"so-widget-image\"\/>\n\t<\/div>\n\n<\/div><\/div><\/div><div id=\"pgc-gb472-6a97834711db1-1-2\"  class=\"panel-grid-cell panel-grid-cell-empty\" ><\/div><\/div><\/div><div id=\"pg-gb472-6a97834711db1-2\"  class=\"panel-grid panel-has-style\" ><div class=\"panel-row-style panel-row-style-for-gb472-6a97834711db1-2\" ><div id=\"pgc-gb472-6a97834711db1-2-0\"  class=\"panel-grid-cell\" ><div id=\"panel-gb472-6a97834711db1-2-0-0\" class=\"so-panel widget widget_sow-editor panel-first-child panel-last-child\" data-index=\"2\" ><div class=\"panel-widget-style panel-widget-style-for-gb472-6a97834711db1-2-0-0\" ><div\n\t\t\t\n\t\t\tclass=\"so-widget-sow-editor so-widget-sow-editor-base\"\n\t\t\t\n\t\t>\n<div class=\"siteorigin-widget-tinymce textwidget\">\n\t<p><span class=\"so-premium-web-font\" style=\"font-family: Poppins;\" data-web-font-module=\"google\" data-font-info=\"{&quot;font&quot;:&quot;Poppins&quot;,&quot;webfont&quot;:true,&quot;variant&quot;:&quot;regular&quot;,&quot;module&quot;:&quot;google&quot;}\">Temos condi\u00e7\u00f5es climat\u00e9ricas favor\u00e1veis para o treino durante todo o inverno. A probabilidade de queda de neve aqui \u00e9 muito baixa e, quando acontece, geralmente derrete em algumas horas.<\/span><\/p>\n<p><span class=\"so-premium-web-font\" style=\"font-family: Poppins;\" data-web-font-module=\"google\" data-font-info=\"{&quot;font&quot;:&quot;Poppins&quot;,&quot;webfont&quot;:true,&quot;variant&quot;:&quot;regular&quot;,&quot;module&quot;:&quot;google&quot;}\">O Munic\u00edpio de Aguiar da Beira, o Ori-Estarreja e o Oriented Aguiar s\u00e3o os principais organizadores do ABOM 2027, com a colabora\u00e7\u00e3o da Federa\u00e7\u00e3o Portuguesa de Orienta\u00e7\u00e3o e da Federa\u00e7\u00e3o Internacional de Orienta\u00e7\u00e3o.<\/span><\/p>\n<p><span class=\"so-premium-web-font\" style=\"font-family: Poppins;\" data-web-font-module=\"google\" data-font-info=\"{&quot;font&quot;:&quot;Poppins&quot;,&quot;webfont&quot;:true,&quot;variant&quot;:&quot;regular&quot;,&quot;module&quot;:&quot;google&quot;}\">Espere um clima favor\u00e1vel, terrenos deslumbrantes, uma gastronomia deliciosa e competi\u00e7\u00f5es em terrenos extremamente relevantes para o Campeonato da Europa + Ta\u00e7a do Mundo de Orienta\u00e7\u00e3o 2028, que ter\u00e1 lugar em Aguiar da Beira!<\/span><\/p>\n<\/div>\n<\/div><\/div><\/div><\/div><\/div><\/div><\/div>","protected":false},"excerpt":{"rendered":"<p>Bem-vindos a Aguiar da Beira \u2013 Portugal. Bem-vindos \u00e0 quinta edi\u00e7\u00e3o do Aguiar da Beira \u2018O\u2019 Meeting! Nesta edi\u00e7\u00e3o do ABOM, iremos manter o formato\u00a0 do programa da edi\u00e7\u00e3o de 2025, contando com quatro provas, incluindo duas etapas a contar para o Ranking Mundial Pedestre (WRE) e uma competi\u00e7\u00e3o de TrailO (PreO Sprint). Al\u00e9m disso, [&hellip;]<\/p>\n","protected":false},"author":1,"featured_media":0,"parent":0,"menu_order":0,"comment_status":"closed","ping_status":"closed","template":"","meta":{"footnotes":""},"class_list":["post-472","page","type-page","status-publish","hentry","post"],"_links":{"self":[{"href":"https:\/\/eventos.ori-estarreja.pt\/abom2027\/wp-json\/wp\/v2\/pages\/472","targetHints":{"allow":["GET"]}}],"collection":[{"href":"https:\/\/eventos.ori-estarreja.pt\/abom2027\/wp-json\/wp\/v2\/pages"}],"about":[{"href":"https:\/\/eventos.ori-estarreja.pt\/abom2027\/wp-json\/wp\/v2\/types\/page"}],"author":[{"embeddable":true,"href":"https:\/\/eventos.ori-estarreja.pt\/abom2027\/wp-json\/wp\/v2\/users\/1"}],"replies":[{"embeddable":true,"href":"https:\/\/eventos.ori-estarreja.pt\/abom2027\/wp-json\/wp\/v2\/comments?post=472"}],"version-history":[{"count":24,"href":"https:\/\/eventos.ori-estarreja.pt\/abom2027\/wp-json\/wp\/v2\/pages\/472\/revisions"}],"predecessor-version":[{"id":2878,"href":"https:\/\/eventos.ori-estarreja.pt\/abom2027\/wp-json\/wp\/v2\/pages\/472\/revisions\/2878"}],"wp:attachment":[{"href":"https:\/\/eventos.ori-estarreja.pt\/abom2027\/wp-json\/wp\/v2\/media?parent=472"}],"curies":[{"name":"wp","href":"https:\/\/api.w.org\/{rel}","templated":true}]}}

Apresentação

<div id="pl-gb472-6a97834711db1"  class="panel-layout" ><div id="pg-gb472-6a97834711db1-0"  class="panel-grid panel-has-style" ><div class="panel-row-style panel-row-style-for-gb472-6a97834711db1-0" ><div id="pgc-gb472-6a97834711db1-0-0"  class="panel-grid-cell" ><div id="panel-gb472-6a97834711db1-0-0-0" class="so-panel widget widget_sow-editor panel-first-child panel-last-child" data-index="0" ><div class="panel-widget-style panel-widget-style-for-gb472-6a97834711db1-0-0-0" ><div
			
			class="so-widget-sow-editor so-widget-sow-editor-base"
			
		>
<div class="siteorigin-widget-tinymce textwidget">
	<p><span class="so-premium-web-font" style="font-family: Poppins;" data-web-font-module="google" data-font-info="{&quot;font&quot;:&quot;Poppins&quot;,&quot;webfont&quot;:true,&quot;variant&quot;:&quot;regular&quot;,&quot;module&quot;:&quot;google&quot;}">Bem-vindos a Aguiar da Beira – Portugal. Bem-vindos à quinta edição do Aguiar da Beira ‘O’ Meeting!</span></p>
<p><span class="so-premium-web-font" style="font-family: Poppins;" data-web-font-module="google" data-font-info="{&quot;font&quot;:&quot;Poppins&quot;,&quot;webfont&quot;:true,&quot;variant&quot;:&quot;regular&quot;,&quot;module&quot;:&quot;google&quot;}">Nesta edição do ABOM, iremos manter o formato  do programa da edição de 2025, contando com quatro provas, incluindo duas etapas a contar para o Ranking Mundial Pedestre (WRE) e uma competição de TrailO (PreO Sprint).</span></p>
<p><span class="so-premium-web-font" style="font-family: Poppins;" data-web-font-module="google" data-font-info="{&quot;font&quot;:&quot;Poppins&quot;,&quot;webfont&quot;:true,&quot;variant&quot;:&quot;regular&quot;,&quot;module&quot;:&quot;google&quot;}">Além disso, o ABOM 2027 faz parte do calendário português do Ranking da Taça de Portugal de Floresta Pedestre e do Ranking de Orientação de Precisão.</span></p>
<p>&nbsp;</p>
</div>
</div></div></div></div></div></div><div id="pg-gb472-6a97834711db1-1"  class="panel-grid panel-has-style" ><div class="panel-row-style panel-row-style-for-gb472-6a97834711db1-1" ><div id="pgc-gb472-6a97834711db1-1-0"  class="panel-grid-cell panel-grid-cell-empty" ></div><div id="pgc-gb472-6a97834711db1-1-1"  class="panel-grid-cell panel-grid-cell-mobile-last" ><div id="panel-gb472-6a97834711db1-1-1-0" class="so-panel widget widget_sow-image panel-first-child panel-last-child" data-index="1" ><div
			
			class="so-widget-sow-image so-widget-sow-image-default-a258e6bfa2d8-472"
			
		>
<div class="sow-image-container">
		<img 
	src="https://eventos.ori-estarreja.pt/abom2027/wp-content/uploads/sites/7/2026/08/ABOM2027_Logo_comdata_crop.png" width="1755" height="501" srcset="https://eventos.ori-estarreja.pt/abom2027/wp-content/uploads/sites/7/2026/08/ABOM2027_Logo_comdata_crop.png 1755w, https://eventos.ori-estarreja.pt/abom2027/wp-content/uploads/sites/7/2026/08/ABOM2027_Logo_comdata_crop-300x86.png 300w, https://eventos.ori-estarreja.pt/abom2027/wp-content/uploads/sites/7/2026/08/ABOM2027_Logo_comdata_crop-1024x292.png 1024w, https://eventos.ori-estarreja.pt/abom2027/wp-content/uploads/sites/7/2026/08/ABOM2027_Logo_comdata_crop-768x219.png 768w, https://eventos.ori-estarreja.pt/abom2027/wp-content/uploads/sites/7/2026/08/ABOM2027_Logo_comdata_crop-1536x438.png 1536w" sizes="(max-width: 1755px) 100vw, 1755px" alt="" 		class="so-widget-image"/>
	</div>

</div></div></div><div id="pgc-gb472-6a97834711db1-1-2"  class="panel-grid-cell panel-grid-cell-empty" ></div></div></div><div id="pg-gb472-6a97834711db1-2"  class="panel-grid panel-has-style" ><div class="panel-row-style panel-row-style-for-gb472-6a97834711db1-2" ><div id="pgc-gb472-6a97834711db1-2-0"  class="panel-grid-cell" ><div id="panel-gb472-6a97834711db1-2-0-0" class="so-panel widget widget_sow-editor panel-first-child panel-last-child" data-index="2" ><div class="panel-widget-style panel-widget-style-for-gb472-6a97834711db1-2-0-0" ><div
			
			class="so-widget-sow-editor so-widget-sow-editor-base"
			
		>
<div class="siteorigin-widget-tinymce textwidget">
	<p><span class="so-premium-web-font" style="font-family: Poppins;" data-web-font-module="google" data-font-info="{&quot;font&quot;:&quot;Poppins&quot;,&quot;webfont&quot;:true,&quot;variant&quot;:&quot;regular&quot;,&quot;module&quot;:&quot;google&quot;}">Temos condições climatéricas favoráveis para o treino durante todo o inverno. A probabilidade de queda de neve aqui é muito baixa e, quando acontece, geralmente derrete em algumas horas.</span></p>
<p><span class="so-premium-web-font" style="font-family: Poppins;" data-web-font-module="google" data-font-info="{&quot;font&quot;:&quot;Poppins&quot;,&quot;webfont&quot;:true,&quot;variant&quot;:&quot;regular&quot;,&quot;module&quot;:&quot;google&quot;}">O Município de Aguiar da Beira, o Ori-Estarreja e o Oriented Aguiar são os principais organizadores do ABOM 2027, com a colaboração da Federação Portuguesa de Orientação e da Federação Internacional de Orientação.</span></p>
<p><span class="so-premium-web-font" style="font-family: Poppins;" data-web-font-module="google" data-font-info="{&quot;font&quot;:&quot;Poppins&quot;,&quot;webfont&quot;:true,&quot;variant&quot;:&quot;regular&quot;,&quot;module&quot;:&quot;google&quot;}">Espere um clima favorável, terrenos deslumbrantes, uma gastronomia deliciosa e competições em terrenos extremamente relevantes para o Campeonato da Europa + Taça do Mundo de Orientação 2028, que terá lugar em Aguiar da Beira!</span></p>
</div>
</div></div></div></div></div></div></div>

<p>Bem-vindos a Aguiar da Beira – Portugal. Bem-vindos à quinta edição do Aguiar da Beira ‘O’ Meeting! Nesta edição do ABOM, iremos manter o formato  do programa da edição de 2025, contando com quatro provas, incluindo duas etapas a contar para o Ranking Mundial Pedestre (WRE) e uma competição de TrailO (PreO Sprint). Além disso, [&hellip;]</p>
