{"id":1142,"date":"2025-01-15T19:48:45","date_gmt":"2025-01-15T18:48:45","guid":{"rendered":"https:\/\/eventos.ori-estarreja.pt\/abom2025\/?page_id=1142"},"modified":"2025-01-16T11:12:10","modified_gmt":"2025-01-16T10:12:10","slug":"treinos-e-alojamento","status":"publish","type":"page","link":"https:\/\/eventos.ori-estarreja.pt\/abom2025\/treinos-e-alojamento\/","title":{"rendered":"Treinos e Alojamento"},"content":{"rendered":"<div id=\"pl-gb1142-69e0dadf5052e\"  class=\"panel-layout\" ><div id=\"pg-gb1142-69e0dadf5052e-0\"  class=\"panel-grid panel-has-style\" ><div class=\"panel-row-style panel-row-style-for-gb1142-69e0dadf5052e-0\" ><div id=\"pgc-gb1142-69e0dadf5052e-0-0\"  class=\"panel-grid-cell\" ><div id=\"panel-gb1142-69e0dadf5052e-0-0-0\" class=\"so-panel widget widget_sow-editor panel-first-child panel-last-child\" data-index=\"0\" ><div\n\t\t\t\n\t\t\tclass=\"so-widget-sow-editor so-widget-sow-editor-base\"\n\t\t\t\n\t\t><h3 class=\"widget-title\">Campos de Treino<\/h3>\n<div class=\"siteorigin-widget-tinymce textwidget\">\n\t<p><span class=\"so-premium-web-font\" style=\"font-family: Poppins;\" data-web-font-module=\"google\" data-font-info=\"{&quot;font&quot;:&quot;Poppins&quot;,&quot;webfont&quot;:true,&quot;variant&quot;:&quot;regular&quot;,&quot;module&quot;:&quot;google&quot;}\">Se pretendes vir a Portugal e aproveitar v\u00e1rias oportunidades de treino de Orienta\u00e7\u00e3o antes e depois do ABOM 2025, n\u00e3o procures mais.<\/span><\/p>\n<p><span class=\"so-premium-web-font\" style=\"font-family: Poppins;\" data-web-font-module=\"google\" data-font-info=\"{&quot;font&quot;:&quot;Poppins&quot;,&quot;webfont&quot;:true,&quot;variant&quot;:&quot;regular&quot;,&quot;module&quot;:&quot;google&quot;}\">O nosso parceiro oficial de treino, <a href=\"https:\/\/www.o-portugal.pt\/\" target=\"_blank\" rel=\"noopener\">O-Portugal<\/a>, tem \u00e0 tua disposi\u00e7\u00e3o dois Campos de Treino preparados para ti, para a tua fam\u00edlia, grupo ou equipa.<\/span><\/p>\n<p><span class=\"so-premium-web-font\" style=\"font-family: Poppins;\" data-web-font-module=\"google\" data-font-info=\"{&quot;font&quot;:&quot;Poppins&quot;,&quot;webfont&quot;:true,&quot;variant&quot;:&quot;regular&quot;,&quot;module&quot;:&quot;google&quot;}\">Clica nas imagens para conhecer os detalhes de cada Campo de Treino.<\/span><\/p>\n<\/div>\n<\/div><\/div><\/div><div id=\"pgc-gb1142-69e0dadf5052e-0-1\"  class=\"panel-grid-cell\" ><div id=\"panel-gb1142-69e0dadf5052e-0-1-0\" class=\"so-panel widget widget_sow-image panel-first-child panel-last-child\" data-index=\"1\" ><div\n\t\t\t\n\t\t\tclass=\"so-widget-sow-image so-widget-sow-image-default-a258e6bfa2d8-1142\"\n\t\t\t\n\t\t>\n<div class=\"sow-image-container\">\n\t\t\t<a href=\"https:\/\/eventos.ori-estarreja.pt\/abom2025\/wp-content\/uploads\/sites\/5\/2024\/06\/O-Portugal_Logo_Slider.png\"\n\t\t\tdata-lightbox=\"14321815916787efe1dc2b8761516180\" data-lightbox-options=\"{&quot;alwaysShowNavOnTouchDevices&quot;:false,&quot;disabledOnTablet&quot;:false,&quot;disabledOnMobile&quot;:false,&quot;disableScrolling&quot;:false,&quot;overlayColor&quot;:&quot;#000&quot;,&quot;overlayOpacity&quot;:0.8,&quot;fadeDuration&quot;:600,&quot;fitImagesInViewport&quot;:true,&quot;imageFadeDuration&quot;:600,&quot;maxHeight&quot;:&quot;&quot;,&quot;maxWidth&quot;:&quot;&quot;,&quot;positionFromTop&quot;:50,&quot;resizeDuration&quot;:700,&quot;showImageNumberLabel&quot;:true,&quot;disableCaption&quot;:&quot;&quot;,&quot;wrapAround&quot;:true,&quot;albumLabel&quot;:&quot; %1 of %2&quot;}\" \t\t>\n\t\t\t<img \n\tsrc=\"https:\/\/eventos.ori-estarreja.pt\/abom2025\/wp-content\/uploads\/sites\/5\/2024\/06\/O-Portugal_Logo_Slider.png\" width=\"400\" height=\"200\" srcset=\"https:\/\/eventos.ori-estarreja.pt\/abom2025\/wp-content\/uploads\/sites\/5\/2024\/06\/O-Portugal_Logo_Slider.png 400w, https:\/\/eventos.ori-estarreja.pt\/abom2025\/wp-content\/uploads\/sites\/5\/2024\/06\/O-Portugal_Logo_Slider-300x150.png 300w\" sizes=\"(max-width: 400px) 100vw, 400px\" alt=\"\" \t\tclass=\"so-widget-image\"\/>\n\t\t\t<\/a><\/div>\n\n<\/div><\/div><\/div><\/div><\/div><div id=\"pg-gb1142-69e0dadf5052e-1\"  class=\"panel-grid panel-has-style\" ><div class=\"panel-row-style panel-row-style-for-gb1142-69e0dadf5052e-1\" ><div id=\"pgc-gb1142-69e0dadf5052e-1-0\"  class=\"panel-grid-cell\" ><div id=\"panel-gb1142-69e0dadf5052e-1-0-0\" class=\"so-panel widget widget_sow-image panel-first-child panel-last-child\" data-index=\"2\" ><div\n\t\t\t\n\t\t\tclass=\"so-widget-sow-image so-widget-sow-image-default-a258e6bfa2d8-1142\"\n\t\t\t\n\t\t><h3 class=\"widget-title\">Campo de Treino das Dunas<\/h3>\n<div class=\"sow-image-container\">\n\t\t\t<a href=\"https:\/\/www.o-portugal.pt\/sand-dunes\/\"\n\t\t\ttarget=\"_blank\" rel=\"noopener noreferrer\" \t\t>\n\t\t\t<img \n\tsrc=\"https:\/\/eventos.ori-estarreja.pt\/abom2025\/wp-content\/uploads\/sites\/5\/2025\/01\/TC_Sand.png\" width=\"1920\" height=\"450\" srcset=\"https:\/\/eventos.ori-estarreja.pt\/abom2025\/wp-content\/uploads\/sites\/5\/2025\/01\/TC_Sand.png 1920w, https:\/\/eventos.ori-estarreja.pt\/abom2025\/wp-content\/uploads\/sites\/5\/2025\/01\/TC_Sand-300x70.png 300w, https:\/\/eventos.ori-estarreja.pt\/abom2025\/wp-content\/uploads\/sites\/5\/2025\/01\/TC_Sand-1024x240.png 1024w, https:\/\/eventos.ori-estarreja.pt\/abom2025\/wp-content\/uploads\/sites\/5\/2025\/01\/TC_Sand-768x180.png 768w, https:\/\/eventos.ori-estarreja.pt\/abom2025\/wp-content\/uploads\/sites\/5\/2025\/01\/TC_Sand-1536x360.png 1536w\" sizes=\"(max-width: 1920px) 100vw, 1920px\" title=\"Campo de Treino das Dunas\" alt=\"\" \t\tclass=\"so-widget-image\"\/>\n\t\t\t<\/a><\/div>\n\n<\/div><\/div><\/div><\/div><\/div><div id=\"pg-gb1142-69e0dadf5052e-2\"  class=\"panel-grid panel-has-style\" ><div class=\"panel-row-style panel-row-style-for-gb1142-69e0dadf5052e-2\" ><div id=\"pgc-gb1142-69e0dadf5052e-2-0\"  class=\"panel-grid-cell\" ><div id=\"panel-gb1142-69e0dadf5052e-2-0-0\" class=\"so-panel widget widget_sow-editor panel-first-child panel-last-child\" data-index=\"3\" ><div\n\t\t\t\n\t\t\tclass=\"so-widget-sow-editor so-widget-sow-editor-base\"\n\t\t\t\n\t\t>\n<div class=\"siteorigin-widget-tinymce textwidget\">\n\t<p><span class=\"so-premium-web-font\" style=\"font-family: Poppins;\" data-web-font-module=\"google\" data-font-info=\"{&quot;font&quot;:&quot;Poppins&quot;,&quot;webfont&quot;:true,&quot;variant&quot;:&quot;regular&quot;,&quot;module&quot;:&quot;google&quot;}\">Procuras um campo de treino robusto, com terrenos t\u00e9cnicos, r\u00e1pidos e suaves?<\/span><\/p>\n<p><span class=\"so-premium-web-font\" style=\"font-family: Poppins;\" data-web-font-module=\"google\" data-font-info=\"{&quot;font&quot;:&quot;Poppins&quot;,&quot;webfont&quot;:true,&quot;variant&quot;:&quot;regular&quot;,&quot;module&quot;:&quot;google&quot;}\">Ent\u00e3o o nosso <a href=\"https:\/\/www.o-portugal.pt\/sand-dunes\/\" target=\"_blank\" rel=\"noopener\">Campo de Treino das Dunas<\/a> \u00e9 a melhor op\u00e7\u00e3o para ti.<\/span><\/p>\n<p><span class=\"so-premium-web-font\" style=\"font-family: Poppins;\" data-web-font-module=\"google\" data-font-info=\"{&quot;font&quot;:&quot;Poppins&quot;,&quot;webfont&quot;:true,&quot;variant&quot;:&quot;regular&quot;,&quot;module&quot;:&quot;google&quot;}\">Mapas e percursos de alta qualidade, na sua maioria acess\u00edvel a p\u00e9 do alojamento, perfeitos para um campo de treino de in\u00edcio de \u00e9poca.<\/span><\/p>\n<\/div>\n<\/div><\/div><\/div><div id=\"pgc-gb1142-69e0dadf5052e-2-1\"  class=\"panel-grid-cell\" ><div id=\"panel-gb1142-69e0dadf5052e-2-1-0\" class=\"so-panel widget widget_sow-image panel-first-child panel-last-child\" data-index=\"4\" ><div\n\t\t\t\n\t\t\tclass=\"so-widget-sow-image so-widget-sow-image-default-a258e6bfa2d8-1142\"\n\t\t\t\n\t\t>\n<div class=\"sow-image-container\">\n\t\t\t<a href=\"https:\/\/www.o-portugal.pt\/sand-dunes\/\"\n\t\t\ttarget=\"_blank\" rel=\"noopener noreferrer\" \t\t>\n\t\t\t<img \n\tsrc=\"https:\/\/eventos.ori-estarreja.pt\/abom2025\/wp-content\/uploads\/sites\/5\/2025\/01\/SAND-DUNES_reduced-300x300.png\" width=\"300\" height=\"300\" srcset=\"https:\/\/eventos.ori-estarreja.pt\/abom2025\/wp-content\/uploads\/sites\/5\/2025\/01\/SAND-DUNES_reduced-300x300.png 300w, https:\/\/eventos.ori-estarreja.pt\/abom2025\/wp-content\/uploads\/sites\/5\/2025\/01\/SAND-DUNES_reduced-150x150.png 150w, https:\/\/eventos.ori-estarreja.pt\/abom2025\/wp-content\/uploads\/sites\/5\/2025\/01\/SAND-DUNES_reduced-768x768.png 768w, https:\/\/eventos.ori-estarreja.pt\/abom2025\/wp-content\/uploads\/sites\/5\/2025\/01\/SAND-DUNES_reduced-500x500.png 500w, https:\/\/eventos.ori-estarreja.pt\/abom2025\/wp-content\/uploads\/sites\/5\/2025\/01\/SAND-DUNES_reduced-375x375.png 375w, https:\/\/eventos.ori-estarreja.pt\/abom2025\/wp-content\/uploads\/sites\/5\/2025\/01\/SAND-DUNES_reduced-216x216.png 216w, https:\/\/eventos.ori-estarreja.pt\/abom2025\/wp-content\/uploads\/sites\/5\/2025\/01\/SAND-DUNES_reduced.png 800w\" sizes=\"(max-width: 300px) 100vw, 300px\" alt=\"\" \t\tclass=\"so-widget-image\"\/>\n\t\t\t<\/a><\/div>\n\n<\/div><\/div><\/div><\/div><\/div><div id=\"pg-gb1142-69e0dadf5052e-3\"  class=\"panel-grid panel-has-style\" ><div class=\"panel-row-style panel-row-style-for-gb1142-69e0dadf5052e-3\" ><div id=\"pgc-gb1142-69e0dadf5052e-3-0\"  class=\"panel-grid-cell\" ><div id=\"panel-gb1142-69e0dadf5052e-3-0-0\" class=\"so-panel widget widget_sow-image panel-first-child panel-last-child\" data-index=\"5\" ><div\n\t\t\t\n\t\t\tclass=\"so-widget-sow-image so-widget-sow-image-default-a258e6bfa2d8-1142\"\n\t\t\t\n\t\t><h3 class=\"widget-title\">Campo de Treino de Aguiar da Beira<\/h3>\n<div class=\"sow-image-container\">\n\t\t\t<a href=\"https:\/\/www.o-portugal.pt\/aguiar-beira-training-camp\/\"\n\t\t\ttarget=\"_blank\" rel=\"noopener noreferrer\" \t\t>\n\t\t\t<img \n\tsrc=\"https:\/\/eventos.ori-estarreja.pt\/abom2025\/wp-content\/uploads\/sites\/5\/2025\/01\/TC_AB.png\" width=\"1920\" height=\"450\" srcset=\"https:\/\/eventos.ori-estarreja.pt\/abom2025\/wp-content\/uploads\/sites\/5\/2025\/01\/TC_AB.png 1920w, https:\/\/eventos.ori-estarreja.pt\/abom2025\/wp-content\/uploads\/sites\/5\/2025\/01\/TC_AB-300x70.png 300w, https:\/\/eventos.ori-estarreja.pt\/abom2025\/wp-content\/uploads\/sites\/5\/2025\/01\/TC_AB-1024x240.png 1024w, https:\/\/eventos.ori-estarreja.pt\/abom2025\/wp-content\/uploads\/sites\/5\/2025\/01\/TC_AB-768x180.png 768w, https:\/\/eventos.ori-estarreja.pt\/abom2025\/wp-content\/uploads\/sites\/5\/2025\/01\/TC_AB-1536x360.png 1536w\" sizes=\"(max-width: 1920px) 100vw, 1920px\" title=\"Campo de Treino de Aguiar da Beira\" alt=\"\" \t\tclass=\"so-widget-image\"\/>\n\t\t\t<\/a><\/div>\n\n<\/div><\/div><\/div><\/div><\/div><div id=\"pg-gb1142-69e0dadf5052e-4\"  class=\"panel-grid panel-has-style\" ><div class=\"panel-row-style panel-row-style-for-gb1142-69e0dadf5052e-4\" ><div id=\"pgc-gb1142-69e0dadf5052e-4-0\"  class=\"panel-grid-cell\" ><div id=\"panel-gb1142-69e0dadf5052e-4-0-0\" class=\"so-panel widget widget_sow-image panel-first-child panel-last-child\" data-index=\"6\" ><div\n\t\t\t\n\t\t\tclass=\"so-widget-sow-image so-widget-sow-image-default-a258e6bfa2d8-1142\"\n\t\t\t\n\t\t>\n<div class=\"sow-image-container\">\n\t\t\t<a href=\"https:\/\/www.o-portugal.pt\/aguiar-beira-training-camp\/\"\n\t\t\ttarget=\"_blank\" rel=\"noopener noreferrer\" \t\t>\n\t\t\t<img \n\tsrc=\"https:\/\/eventos.ori-estarreja.pt\/abom2025\/wp-content\/uploads\/sites\/5\/2025\/01\/AGUIAR-DA-BEIRA_reduced-300x300.png\" width=\"300\" height=\"300\" srcset=\"https:\/\/eventos.ori-estarreja.pt\/abom2025\/wp-content\/uploads\/sites\/5\/2025\/01\/AGUIAR-DA-BEIRA_reduced-300x300.png 300w, https:\/\/eventos.ori-estarreja.pt\/abom2025\/wp-content\/uploads\/sites\/5\/2025\/01\/AGUIAR-DA-BEIRA_reduced-150x150.png 150w, https:\/\/eventos.ori-estarreja.pt\/abom2025\/wp-content\/uploads\/sites\/5\/2025\/01\/AGUIAR-DA-BEIRA_reduced-768x768.png 768w, https:\/\/eventos.ori-estarreja.pt\/abom2025\/wp-content\/uploads\/sites\/5\/2025\/01\/AGUIAR-DA-BEIRA_reduced-500x500.png 500w, https:\/\/eventos.ori-estarreja.pt\/abom2025\/wp-content\/uploads\/sites\/5\/2025\/01\/AGUIAR-DA-BEIRA_reduced-375x375.png 375w, https:\/\/eventos.ori-estarreja.pt\/abom2025\/wp-content\/uploads\/sites\/5\/2025\/01\/AGUIAR-DA-BEIRA_reduced-216x216.png 216w, https:\/\/eventos.ori-estarreja.pt\/abom2025\/wp-content\/uploads\/sites\/5\/2025\/01\/AGUIAR-DA-BEIRA_reduced.png 800w\" sizes=\"(max-width: 300px) 100vw, 300px\" alt=\"\" \t\tclass=\"so-widget-image\"\/>\n\t\t\t<\/a><\/div>\n\n<\/div><\/div><\/div><div id=\"pgc-gb1142-69e0dadf5052e-4-1\"  class=\"panel-grid-cell\" ><div id=\"panel-gb1142-69e0dadf5052e-4-1-0\" class=\"so-panel widget widget_sow-editor panel-first-child panel-last-child\" data-index=\"7\" ><div\n\t\t\t\n\t\t\tclass=\"so-widget-sow-editor so-widget-sow-editor-base\"\n\t\t\t\n\t\t>\n<div class=\"siteorigin-widget-tinymce textwidget\">\n\t<p><span class=\"so-premium-web-font\" style=\"font-family: Poppins;\" data-web-font-module=\"google\" data-font-info=\"{&quot;font&quot;:&quot;Poppins&quot;,&quot;webfont&quot;:true,&quot;variant&quot;:&quot;regular&quot;,&quot;module&quot;:&quot;google&quot;}\">\u00c0 procura de terrenos de alta qualidade?<\/span><\/p>\n<p><span class=\"so-premium-web-font\" style=\"font-family: Poppins;\" data-web-font-module=\"google\" data-font-info=\"{&quot;font&quot;:&quot;Poppins&quot;,&quot;webfont&quot;:true,&quot;variant&quot;:&quot;regular&quot;,&quot;module&quot;:&quot;google&quot;}\">A solu\u00e7\u00e3o? O nosso <a href=\"https:\/\/www.o-portugal.pt\/aguiar-beira-training-camp\/\" target=\"_blank\" rel=\"noopener\">Campo de Treino em Aguiar da Beira<\/a>. Terrenos extremamente t\u00e9cnicos, mas ainda com boa capacidade de progress\u00e3o. Os mapas do JWOC 2022 est\u00e3o dispon\u00edveis para treino!<\/span><\/p>\n<p><span class=\"so-premium-web-font\" style=\"font-family: Poppins;\" data-web-font-module=\"google\" data-font-info=\"{&quot;font&quot;:&quot;Poppins&quot;,&quot;webfont&quot;:true,&quot;variant&quot;:&quot;regular&quot;,&quot;module&quot;:&quot;google&quot;}\">Os terrenos de Orienta\u00e7\u00e3o dificilmente ser\u00e3o melhores do que estes&#8230;<\/span><\/p>\n<\/div>\n<\/div><\/div><\/div><\/div><\/div><div id=\"pg-gb1142-69e0dadf5052e-5\"  class=\"panel-grid panel-has-style\" ><div class=\"panel-row-style panel-row-style-for-gb1142-69e0dadf5052e-5\" ><div id=\"pgc-gb1142-69e0dadf5052e-5-0\"  class=\"panel-grid-cell\" ><div id=\"panel-gb1142-69e0dadf5052e-5-0-0\" class=\"so-panel widget widget_sow-editor panel-first-child panel-last-child\" data-index=\"8\" ><div\n\t\t\t\n\t\t\tclass=\"so-widget-sow-editor so-widget-sow-editor-base\"\n\t\t\t\n\t\t><h3 class=\"widget-title\">Alojamento<\/h3>\n<div class=\"siteorigin-widget-tinymce textwidget\">\n\t<p><span class=\"so-premium-web-font\" style=\"font-family: Poppins;\" data-web-font-module=\"google\" data-font-info=\"{&quot;font&quot;:&quot;Poppins&quot;,&quot;webfont&quot;:true,&quot;variant&quot;:&quot;regular&quot;,&quot;module&quot;:&quot;google&quot;}\">Temos acordos de parceria com v\u00e1rios alojamentos na \u00e1rea das Dunas \u2013 <strong>todos a menos de 15 minutos de carro da maioria dos mapas de treino<\/strong>.<\/span><\/p>\n<p><span class=\"so-premium-web-font\" style=\"font-family: Poppins;\" data-web-font-module=\"google\" data-font-info=\"{&quot;font&quot;:&quot;Poppins&quot;,&quot;webfont&quot;:true,&quot;variant&quot;:&quot;regular&quot;,&quot;module&quot;:&quot;google&quot;}\">Tamb\u00e9m temos acordos de parceria com v\u00e1rios alojamentos em Aguiar da Beira e arredores \u2013 <strong>todos a menos de 10 minutos de carro da maioria dos mapas de treino<\/strong>.<\/span><\/p>\n<p><span class=\"so-premium-web-font\" style=\"font-family: Poppins;\" data-web-font-module=\"google\" data-font-info=\"{&quot;font&quot;:&quot;Poppins&quot;,&quot;webfont&quot;:true,&quot;variant&quot;:&quot;regular&quot;,&quot;module&quot;:&quot;google&quot;}\">Em todos os alojamentos, garantimos condi\u00e7\u00f5es de qualidade para o seu campo de treino.<\/span><\/p>\n<\/div>\n<\/div><\/div><\/div><\/div><\/div><div id=\"pg-gb1142-69e0dadf5052e-6\"  class=\"panel-grid panel-has-style\" ><div class=\"panel-row-style panel-row-style-for-gb1142-69e0dadf5052e-6\" ><div id=\"pgc-gb1142-69e0dadf5052e-6-0\"  class=\"panel-grid-cell\" ><div id=\"panel-gb1142-69e0dadf5052e-6-0-0\" class=\"so-panel widget widget_sow-editor panel-first-child panel-last-child\" data-index=\"9\" ><div\n\t\t\t\n\t\t\tclass=\"so-widget-sow-editor so-widget-sow-editor-base\"\n\t\t\t\n\t\t><h3 class=\"widget-title\">CONTACTOS PARA CAMPOS DE TREINO E ALOJAMENTO<\/h3>\n<div class=\"siteorigin-widget-tinymce textwidget\">\n\t<ul>\n<li><strong>Site dos Campos de Treino<\/strong>\n<ul>\n<li><a href=\"http:\/\/www.o-portugal.pt\" target=\"_blank\" rel=\"noopener\">www.o-portugal.pt<\/a><\/li>\n<\/ul>\n<\/li>\n<li><strong>Bruno Naz\u00e1rio<\/strong>\n<ul>\n<li style=\"text-align: left;\"><strong>e-mail: <\/strong><a href=\"mailto:silvamiguelrafael@gmail.com\" target=\"_blank\" rel=\"noopener\">info@o-portugal.pt<\/a><\/li>\n<li style=\"text-align: left;\"><strong>telem\u00f3vel: <\/strong>+351 965 197 376<\/li>\n<\/ul>\n<\/li>\n<\/ul>\n<\/div>\n<\/div><\/div><\/div><\/div><\/div><\/div>\n\n\n<p><\/p>\n","protected":false},"excerpt":{"rendered":"<p>Se pretendes vir a Portugal e aproveitar v\u00e1rias oportunidades de treino de Orienta\u00e7\u00e3o antes e depois do ABOM 2025, n\u00e3o procures mais. O nosso parceiro oficial de treino, O-Portugal, tem \u00e0 tua disposi\u00e7\u00e3o dois Campos de Treino preparados para ti, para a tua fam\u00edlia, grupo ou equipa. Clica nas imagens para conhecer os detalhes de [&hellip;]<\/p>\n","protected":false},"author":1,"featured_media":0,"parent":0,"menu_order":0,"comment_status":"closed","ping_status":"closed","template":"","meta":{"footnotes":""},"class_list":["post-1142","page","type-page","status-publish","hentry","post"],"_links":{"self":[{"href":"https:\/\/eventos.ori-estarreja.pt\/abom2025\/wp-json\/wp\/v2\/pages\/1142","targetHints":{"allow":["GET"]}}],"collection":[{"href":"https:\/\/eventos.ori-estarreja.pt\/abom2025\/wp-json\/wp\/v2\/pages"}],"about":[{"href":"https:\/\/eventos.ori-estarreja.pt\/abom2025\/wp-json\/wp\/v2\/types\/page"}],"author":[{"embeddable":true,"href":"https:\/\/eventos.ori-estarreja.pt\/abom2025\/wp-json\/wp\/v2\/users\/1"}],"replies":[{"embeddable":true,"href":"https:\/\/eventos.ori-estarreja.pt\/abom2025\/wp-json\/wp\/v2\/comments?post=1142"}],"version-history":[{"count":5,"href":"https:\/\/eventos.ori-estarreja.pt\/abom2025\/wp-json\/wp\/v2\/pages\/1142\/revisions"}],"predecessor-version":[{"id":1198,"href":"https:\/\/eventos.ori-estarreja.pt\/abom2025\/wp-json\/wp\/v2\/pages\/1142\/revisions\/1198"}],"wp:attachment":[{"href":"https:\/\/eventos.ori-estarreja.pt\/abom2025\/wp-json\/wp\/v2\/media?parent=1142"}],"curies":[{"name":"wp","href":"https:\/\/api.w.org\/{rel}","templated":true}]}}